 158 - 263)?
101
What is -21 + (-98 - -102) + 1 + 74?
58
Calculate 66 + -99 + 142 + -81.
28
Evaluate 69 - ((77 - 10) + -81).
83
What is the value of 17 + (-57 + 67 - 38)?
-11
What is -2 + (-6 - 1) + (16 - (3 + -69 - 9))?
82
What is (-50 - (-48 + 46)) + 1?
-47
Evaluate (71 - (-40 + 131)) + -14.
-34
Calculate 142 + -165 + 71 + -106.
-58
Evaluate (7 - ((2 - -6) + 7 + -8)) + (19 - 3).
16
What is the value of 37 - (-31 - (-30 - ((16 - 23) + -12)))?
57
Evaluate -2310 - -2260 - (-1 + 2).
-51
Calculate (14 + -9 - -4) + -4 - (51 - (-51 - -28)).
-69
Evaluate -5 + 28 + (-3 + 18 - 10).
28
What is -65 + -7 + (31 - -4)?
-37
-23 - ((31 - 1) + (-5 - -27))
-75
What is 125 + (-106 - 9) + (0 - -50)?
60
Calculate -2 + (69 + (6 - 4) - (-8 + -2 + 15)).
64
Evaluate (-31 + 57 - 57) + 12 - -132.
113
Evaluate -10 + -37 + 104 - 51.
6
Evaluate 15 + (-39 + -25 - -11) + 24.
-14
Calculate (18 - -52) + ((-14 - 1) + 19 + 4 - 4).
74
What is the value of -26 - 64 - (1 + -11 - (-15 + 10))?
-85
183 - (72 + (-51 - -72))
90
Evaluate (-3 - -81 - 97) + (-3 - 121).
-143
Evaluate 21 + -15 + -40 + (-4 - (2 - 17) - -4).
-19
What is the value of 1 + -147 + (-4976 - -5072)?
-50
Calculate -4 + (-69 - (-34 + -15)).
-24
Calculate -73 + 28 + 72 + 0.
27
What is -5 + 19 + -4 + (1 - 2) + (-22 - -34)?
21
Calculate (62 + -83 - 32) + 55.
2
Evaluate -17 + (-2 - -19 - -12) - (-35 + 0).
47
What is the value of 16 + -6 - (-7 + -3 - -16) - -56?
60
110 + -2 + (360 - 396) + 20
92
Evaluate (-72 - 17) + 95 - -31.
37
What is 467 - 334 - (-2 + 27)?
108
Calculate -13 + 55 + -45 + (-7 - 3) - -56.
43
254 - (31 - -219) - (71 + (1 - 0))
-68
What is 10 + -2 + 38 - (-2 - (6 + -8))?
46
-6 + 90 + 18 + (-83 - -43)
62
Evaluate 2 + -7 + (0 - 37) + -307 + 326.
-23
What is the value of (14 - 29 - 6) + 7 + 45?
31
Calculate -29 - 12 - ((-4 - -2) + -17 + -2 + 13).
-33
Calculate 0 + -3 - -30 - (-8 + -22 - -35).
22
Evaluate 49 - ((30 + -43 - -26) + 1 + 2).
33
What is the value of (133 - 84) + (-3 - (-1 - -1)) + (-3 - -1)?
44
83 + 75 + -48 - 12
98
What is the value of 27 + (14 - 0 - 84) + -10?
-53
Evaluate (-30 - -14 - (6 + -4)) + -2.
-20
13 - ((-5 - 19) + 8)
29
Calculate -44 + 17 - (14 + -21 + 15).
-35
What is -153 + 93 - (7 - 32) - (-3 + -1)?
-31
What is the value of 3 + (8 - (6 + 78)) + -142 + 156?
-59
What is -8 + 44 + -97 + 3?
-58
-15 + -2 - (124 + (-8 - -14 - 1))
-146
What is -2688 - -2675 - (-66 - 1)?
54
What is (-2 + 22 + -7 - (0 + -12)) + -74?
-49
66 - (43 - 56 - -57)
22
-62 - (-15 + -5) - 23 - -20
-45
Calculate (-9 - (11 - (87 + 13))) + 6 + -6 + -7.
73
What is the value of 40 + (-9 - (-23 - (-10 + 8)) - 5) + -4?
43
What is the value of -13 - (18 - 8 - (7 + (-1 - 6)))?
-23
What is -64 + -1 - (-32 - (111 + -116))?
-38
-64 - (-30 + -32 + 7)
-9
Evaluate 140 - (-15 + -18 - -65 - -2).
106
What is (16 + 0 - 17) + 2 + 19?
20
8 + (-2 - -13 - (-20 - (-39 + 26)))
26
What is the value of (8 - 0) + 19 + -23 - (-2 - 5) - 111?
-100
Calculate 39 + (-40 - 0) + 30 - 70.
-41
Evaluate 71 - (165 + -145) - -81.
132
What is 71 + (25 - -76) - 78?
94
-13 - (14 - 10 - (56 + -35 + -2 + 3))
5
Evaluate (9 - 1 - (-45 + 49)) + (-12 - 0).
-8
((-10 + 25 - 1) + -11 - 10) + 52 + -1
44
What is the value of -8 - (-30 - (-16 - 16))?
-10
(-16 - -2) + -8 + 5 - (-544 + 499)
28
(40 - 61) + (-13 - 1) - -2
-33
(116 - 42) + -97 + 30
7
What is the value of (-47 - -52) + -19 - -5?
-9
34 + (-4 - 0 - (10 + 23 + -37)) + -10
24
What is the value of -25 - -85 - (-8 + 57)?
11
What is (-101000 - -100954) + (20 - 1 - 1) + 0?
-28
Evaluate -28 + 6 + 6 + 6.
-10
What is the value of -12 + (6 - -12) + (-6 + 0 - (-2 + 138))?
-136
What is -44 + -8 + (4 + 3 - (5 - -12))?
-62
What is the value of 3 + (3 - 71) + (-9 - 0) - (25 + -29)?
-70
Calculate (-9 - 14) + 63 + (27 - 57).
10
Calculate -25 - -61 - 41 - ((3 - -1) + 10).
-19
What is the value of -777 - -768 - (-6 + 3 + 3 - 2) - -88?
81
What is the value of -3 + (-2 - 3 - (1 + -4)) - (2 - 0)?
-7
Calculate 1071 - 1076 - (0 + -1 + 7 + -2).
-9
Calculate -45 + (57 + -43 - 27).
-58
What is the value of (13 + (-42 - -11) - -7) + (0 - 1)?
-12
What is the value of 89 - ((-18 - (53 - 41)) + 62)?
57
What is -14 + 63 + -72 + -31?
-54
14 + (-9 + -13 - -11) + -7 - 58
-62
Evaluate 3 - (74 - 200 - -38).
91
What is 9 + -3 + -57 - (34 + -6)?
-79
Calculate 4 + -7 + (-58 - -110) + -44.
5
What is 12 + -61 + 27 - (-8 - 8)?
-6
What is the value of -6 - (-20 + (-17 + 21 - -20))?
-10
Evaluate 75 + (31 + -12 - ((-28 - -10) + 23)).
89
Calculate (5 - (2 - -11)) + -5 + 0 + -13.
-26
Calculate -4 + 7 - (6 - (15 + -1 + 256 + -265)).
2
What is 14 - (2 - -2 - (-12 + (25 - 2)))?
21
What is 8 - ((-4 - -8) + -1) - (64 + (-17 - 5))?
-37
-46 + -7 + 173 + -76
44
Calculate -112 + 104 - (-5 + (-51 - -2)).
46
What is the value of -2 + (-94 + (-2 - -2) - -2) - (753 - 761)?
-86
What is the value of 56 + -102 + 64 - (-64 - -1)?
81
Evaluate 38 - (2 + 11 - (14 + -145)).
-106
What is -29 + (3 - ((-2 - -16) + (16 - 12)))?
-44
(22 - -6 - 17) + 15
26
0 + (-1 - 46) + (-5948 - -5955) - 0
-40
What is (38 - 7) + 10 - (-2 - 7)?
50
Evaluate 415 + -400 + -42 + (0 - -5).
-22
6 - ((43 + -41 - 7) + (-4 - (4 - 4)))
15
What is (-3 - 7) + -70 + (-8 - (-10 + 2) - -7)?
-73
43 - (44 - 128 - -92)
35
Calculate -2732 + 2632 + 1 + 36.
-63
Evaluate -26 + -31 - (-597 + 534).
6
Calculate -13 - (-5 - (-2 - 0)) - (27 + 4).
-41
Evaluate -125 - (9 + (-55 - -30) - 12).
-97
What is (2 - (25 - (-11 - -62))) + -63?
-35
Evaluate (-29 + 11 - -19) + -99 + 8.
-90
Evaluate 53 + -42 - (-24 + 33 + -13).
15
(-4 - -18 - 5) + 35
44
Calculate -7 + 1 - (-86 + -9 + 80 + -78).
87
What is (-33 - (18 + -57)) + -46 + (-3 - -1)?
-42
What is 205 + -214 + (-7 - (-55 - -4))?
35
(89 - 70) + 8 + (-6 - 1 - 144)
-124
What is (17 - (22 - -7)) + (2 - (-31 + -4))?
25
-15 + 6 - ((-44 - -40) + -3 + 1 + -74)
71
Evaluate (-113 - -230) + -76 + -5 + (0 - (-2 - 0)).
38
Evaluate 40 + -149 - -122 - 31.
-18
Evaluate -21 + (29 - (-10 - (-10 - -14))).
22
(-4 + -7 - (-21 + -51 + 20)) + -12
29
-57 + (34 - 4) - -47 - 16
4
Calculate -4 - 2 - -12 - (64 + -56).
-2
(24 - (-25 - -64)) + -7 + 7
-15
What is 24 + -26 - (-1 + 20) - (15 + -17 + 7)?
-26
Evaluate -285 + 129 + 249 + -175.
-82
What is the value of (-67 + 66 + (9 - 0) - -4) + -2 + -6?
4
Evaluate -1603 + 1542 + 14 + -6.
-53
What is the value of -9 - (-3 + -12 + -112) - (-6 + 8)?
116
Evaluate 16 + (61 + -35 - 27 - (1 - -9)).
5
Calculate 6557 + -6491 + (0 - -17).
83
Calculate 2 + -6 + 3 + (16 - -49 - 36).
28
What is -1150 + 1043 + (0 - -56)?
-51
Evaluate (-18 - ((-68 - -8) + 23)) + 15.
34
What is -25 - (-7 + 49 + (-15 - 10))?
-42
Evaluate ((-8 - -31) + -7 - 1) + -56.
-41
Evaluate 9 - 0 - ((102 - 100) + -6).
13
2 + -25 + 234 + -181
30
83 - (-18 - 14 - -25)
90
Evaluate -104 + 110 + -103 - -171.
74
Calculate -4 + -11 + (90 - 36).
39
What is -2 - (-10 + -1 - ((-59 - -26) + (14 - -3)))?
-7
Evaluate (12 - 57) + (-44 - -73) + 6.
-10
What is the value of -97 - (74 + -142) - -60?
31
-2 + 1 - 1 - (-21 + (7 - -11))
1
What is the value of -6 + (-26 - (-61 + 26) - -14)?
17
Calculate (2798 - 2835) + -9 + (2 - 1).
-45
Calculate (128 - (4 + 174)) + -79.
-129
What is the value of -29 + 9 - (26 + -12 - 37)?
3
What is 19 + (30 - -55) + -180?
-76
Calculate 534 - 179 - 389 - (-1 - (0 + 2 - 4)).
-35
What is the value of -50 - (14 + (-20 + 28 - 7) + -12)?
-53
What is -358 + 375 - (13 - -38)?
-34
Calculate -14 + 1 - (113 - 104 - 23).
1
Calculate (-5 + -2 - -5) + (-15 - -10) + -9 + -2.
-18
Calculate (1 + -44 - (7 + (1 + 1 - 4))) + -1.
-49
What is the value of (-38 - (0 - 1)) + -1 + 78 + (63 - 126)?
-23
What is the value of 1 + 299 - (-11640 + 11789)?
151
What is -103 - -70 - -82 - -28?
77
837 - 910 - (-55 + 4)
-22
Evaluate -43 + -1 + (6603 - 6523).
36
-79 - (0 + (-16 - ((-9 - 0) + -25)))
-97
What is 141 + (-2 + 10 - (-11 - -10 - -20))?
130
12 + (-115 - (26 + -58 + 46))
-117
Calculate (1 - -17) + -56 + 46 - ((-4 - -1) + 4).
7
What is (342 - 408) + (4 + -7 - (-3 + 3))?
-69
Calculate -66 - (37 + (-67 - -32) + (4 - -2)).
-74
Evaluate (-96 - -91) + ((0 - 44) + 1 - (-115 - -116)).
-49
-11 + -2 - ((-21 - (-50 + 36)) + (-61 - -2))
53
What is the value of 52 - (40 - -16) - (38 - (2 + -5))?
-45
Calculate 37 + (49 - 37 - 29).
20
-57 + -1 - ((113 - 65) + -48) - (11 + -2)
-67
Calculate -32 + 134 + -34 + -37.
31
What is 61 - (-25 + 16 + 51)